{"id":304,"date":"2023-11-19T20:28:06","date_gmt":"2023-11-19T19:28:06","guid":{"rendered":"https:\/\/wooded.fr\/?post_type=product&#038;p=304"},"modified":"2025-11-11T21:58:29","modified_gmt":"2025-11-11T20:58:29","slug":"boucles-doreilles-moons","status":"publish","type":"product","link":"https:\/\/wooded.fr\/?product=boucles-doreilles-moons","title":{"rendered":"Boucles d&#8217;oreilles cr\u00e9oles en bois &#8220;Moons&#8221;"},"content":{"rendered":"<p>Succombez au charme des <strong>boucles d&#8217;oreilles cr\u00e9oles &#8220;Moon&#8221; <\/strong>avec ces cercles rappelant des astres. Votre mise en beaut\u00e9 prendra ainsi une dimension stellaire.<\/p>\n<p>L\u00e9g\u00e8res et a\u00e9r\u00e9es, elles seront comme en apesanteur \u00e0 vos oreilles. Vous pourrez les porter en toutes occasions car en bois plaqu\u00e9 bouleau avec des crochets gris en argent 925 hypoallerg\u00e9nique, .<\/p>\n","protected":false},"excerpt":{"rendered":"<p>L\u00e9g\u00e8res et a\u00e9r\u00e9es, les boucles d&#8217;oreilles &#8220;Moon&#8221; seront \u00e0 vos oreilles en toute l\u00e9g\u00e8ret\u00e9. Vous pourrez les porter en toutes occasions car en bois plaqu\u00e9 bouleau avec des crochets gris en argent 925 hypoallerg\u00e9nique .<\/p>\n","protected":false},"featured_media":625,"comment_status":"open","ping_status":"closed","template":"","meta":{"_monsterinsights_skip_tracking":false,"_monsterinsights_sitenote_active":false,"_monsterinsights_sitenote_note":"","_monsterinsights_sitenote_category":0,"jetpack_publicize_message":"","jetpack_publicize_feature_enabled":true,"jetpack_social_post_already_shared":true,"jetpack_social_options":{"image_generator_settings":{"template":"highway","default_image_id":0,"font":"","enabled":false},"version":2}},"product_brand":[],"product_cat":[34],"product_tag":[],"class_list":{"0":"post-304","1":"product","2":"type-product","3":"status-publish","4":"has-post-thumbnail","6":"product_cat-bijoux","7":"product_shipping_class-petits-objets","9":"first","10":"instock","11":"shipping-taxable","12":"purchasable","13":"product-type-variable"},"aioseo_notices":[],"jetpack_publicize_connections":[],"jetpack-related-posts":[],"jetpack_sharing_enabled":true,"_links":{"self":[{"href":"https:\/\/wooded.fr\/index.php?rest_route=\/wp\/v2\/product\/304","targetHints":{"allow":["GET"]}}],"collection":[{"href":"https:\/\/wooded.fr\/index.php?rest_route=\/wp\/v2\/product"}],"about":[{"href":"https:\/\/wooded.fr\/index.php?rest_route=\/wp\/v2\/types\/product"}],"replies":[{"embeddable":true,"href":"https:\/\/wooded.fr\/index.php?rest_route=%2Fwp%2Fv2%2Fcomments&post=304"}],"wp:featuredmedia":[{"embeddable":true,"href":"https:\/\/wooded.fr\/index.php?rest_route=\/wp\/v2\/media\/625"}],"wp:attachment":[{"href":"https:\/\/wooded.fr\/index.php?rest_route=%2Fwp%2Fv2%2Fmedia&parent=304"}],"wp:term":[{"taxonomy":"product_brand","embeddable":true,"href":"https:\/\/wooded.fr\/index.php?rest_route=%2Fwp%2Fv2%2Fproduct_brand&post=304"},{"taxonomy":"product_cat","embeddable":true,"href":"https:\/\/wooded.fr\/index.php?rest_route=%2Fwp%2Fv2%2Fproduct_cat&post=304"},{"taxonomy":"product_tag","embeddable":true,"href":"https:\/\/wooded.fr\/index.php?rest_route=%2Fwp%2Fv2%2Fproduct_tag&post=304"}],"curies":[{"name":"wp","href":"https:\/\/api.w.org\/{rel}","templated":true}]}}