{"id":301,"date":"2023-11-19T20:06:20","date_gmt":"2023-11-19T19:06:20","guid":{"rendered":"https:\/\/wooded.fr\/?post_type=product&#038;p=301"},"modified":"2025-11-15T23:55:01","modified_gmt":"2025-11-15T22:55:01","slug":"boucles-doreilles-leave","status":"publish","type":"product","link":"https:\/\/wooded.fr\/?product=boucles-doreilles-leave","title":{"rendered":"Boucles d&#8217;oreilles pendantes en bois &#8220;Leave&#8221;"},"content":{"rendered":"<p>Ces <strong>boucles d&#8217;oreilles pendantes en bois<\/strong> arborent un <strong>superbe motif de feuille stylis\u00e9e <\/strong>ainsi\u00a0Leur <strong>design organique<\/strong> et ajour\u00e9 \u00e9voque la nature. Elles sont <strong>fa\u00e7onn\u00e9es artisanalement<\/strong>, garantissant une <strong>qualit\u00e9 exceptionnelle<\/strong>. Chaque pi\u00e8ce <strong>pr\u00e9sente des nervures d\u00e9licates<\/strong>, captivant le regard. Vous <strong>porterez ces boucles l\u00e9g\u00e8res<\/strong> avec un grand confort. Elles <strong>apportent une touche boh\u00e8me et naturelle<\/strong> \u00e0 votre style quotidien. Ce <strong>bijou en bois original<\/strong> sublime \u00e9l\u00e9gamment votre look et est donc id\u00e9al pour les amateurs de <strong>bijoux nature chics<\/strong>.<\/p>\n","protected":false},"excerpt":{"rendered":"<p>Vous <strong>porterez ces boucles l\u00e9g\u00e8res<\/strong> avec un grand confort. Elles <strong>apportent une touche boh\u00e8me et naturelle<\/strong> \u00e0 votre style quotidien. Ce <strong>bijou en bois original<\/strong> sublime \u00e9l\u00e9gamment votre look et est donc id\u00e9al pour les amateurs de <strong>bijoux nature chics<\/strong>.<\/p>\n","protected":false},"featured_media":632,"comment_status":"open","ping_status":"closed","template":"","meta":{"_monsterinsights_skip_tracking":false,"_monsterinsights_sitenote_active":false,"_monsterinsights_sitenote_note":"","_monsterinsights_sitenote_category":0,"jetpack_publicize_message":"","jetpack_publicize_feature_enabled":true,"jetpack_social_post_already_shared":true,"jetpack_social_options":{"image_generator_settings":{"template":"highway","default_image_id":0,"font":"","enabled":false},"version":2}},"product_brand":[],"product_cat":[34],"product_tag":[],"class_list":{"0":"post-301","1":"product","2":"type-product","3":"status-publish","4":"has-post-thumbnail","6":"product_cat-bijoux","7":"product_shipping_class-petits-objets","9":"first","10":"instock","11":"shipping-taxable","12":"purchasable","13":"product-type-variable"},"aioseo_notices":[],"jetpack_publicize_connections":[],"jetpack-related-posts":[],"jetpack_sharing_enabled":true,"_links":{"self":[{"href":"https:\/\/wooded.fr\/index.php?rest_route=\/wp\/v2\/product\/301","targetHints":{"allow":["GET"]}}],"collection":[{"href":"https:\/\/wooded.fr\/index.php?rest_route=\/wp\/v2\/product"}],"about":[{"href":"https:\/\/wooded.fr\/index.php?rest_route=\/wp\/v2\/types\/product"}],"replies":[{"embeddable":true,"href":"https:\/\/wooded.fr\/index.php?rest_route=%2Fwp%2Fv2%2Fcomments&post=301"}],"wp:featuredmedia":[{"embeddable":true,"href":"https:\/\/wooded.fr\/index.php?rest_route=\/wp\/v2\/media\/632"}],"wp:attachment":[{"href":"https:\/\/wooded.fr\/index.php?rest_route=%2Fwp%2Fv2%2Fmedia&parent=301"}],"wp:term":[{"taxonomy":"product_brand","embeddable":true,"href":"https:\/\/wooded.fr\/index.php?rest_route=%2Fwp%2Fv2%2Fproduct_brand&post=301"},{"taxonomy":"product_cat","embeddable":true,"href":"https:\/\/wooded.fr\/index.php?rest_route=%2Fwp%2Fv2%2Fproduct_cat&post=301"},{"taxonomy":"product_tag","embeddable":true,"href":"https:\/\/wooded.fr\/index.php?rest_route=%2Fwp%2Fv2%2Fproduct_tag&post=301"}],"curies":[{"name":"wp","href":"https:\/\/api.w.org\/{rel}","templated":true}]}}